hat is the greatest common factor of 2820 and 13577595?
705
What is the highest common factor of 17960656 and 98?
98
What is the highest common factor of 66352100 and 2220?
740
What is the greatest common factor of 2377 and 186109592?
2377
Calculate the highest common factor of 1006 and 25154.
2
What is the greatest common divisor of 315427 and 119?
7
Calculate the highest common factor of 5200 and 150740200.
2600
Calculate the highest common factor of 21438 and 136656.
18
Calculate the greatest common factor of 840122 and 814.
74
Calculate the highest common divisor of 44 and 14453912.
44
What is the highest common divisor of 1198 and 33899806?
1198
What is the highest common factor of 2010 and 517954890?
2010
What is the greatest common factor of 25800 and 16025?
25
Calculate the greatest common factor of 257283 and 5589.
27
What is the greatest common factor of 88825618 and 224?
14
Calculate the highest common factor of 3425 and 66352525.
3425
Calculate the highest common divisor of 450 and 21729075.
75
Calculate the highest common divisor of 10497788 and 195804.
1036
Calculate the greatest common divisor of 2928 and 147935248.
976
What is the highest common factor of 1877720 and 47288?
184
What is the highest common divisor of 110 and 453178?
22
Calculate the highest common factor of 4340 and 202636.
28
What is the highest common factor of 7030 and 381036545?
3515
Calculate the highest common factor of 200025706 and 442.
34
What is the greatest common factor of 214263 and 10899?
63
Calculate the highest common factor of 36 and 4068342.
18
What is the highest common divisor of 428158 and 1746?
194
What is the highest common factor of 21945833 and 98865?
2197
What is the greatest common factor of 1081985756 and 284?
284
What is the highest common divisor of 1296 and 364986?
162
What is the greatest common factor of 2269 and 61142743?
2269
Calculate the highest common divisor of 1153997 and 232.
29
Calculate the greatest common factor of 1029600 and 301275.
2925
Calculate the highest common divisor of 375878 and 149797.
163
What is the highest common divisor of 24028719 and 316?
79
What is the greatest common factor of 2846358 and 1674?
558
Calculate the greatest common factor of 13356 and 1884044.
212
Calculate the highest common divisor of 5639760 and 459.
27
What is the greatest common divisor of 98 and 2348458?
14
What is the greatest common divisor of 50 and 192334?
2
Calculate the highest common factor of 899640 and 20485.
85
Calculate the greatest common factor of 39210 and 2901631490.
13070
Calculate the highest common factor of 2505063 and 297.
33
What is the greatest common divisor of 12571288 and 48?
8
What is the greatest common factor of 3589587 and 27?
9
What is the highest common divisor of 1570770 and 51150?
930
What is the greatest common divisor of 1652 and 737030?
14
Calculate the greatest common divisor of 580507304 and 456.
152
What is the highest common divisor of 21670 and 25960?
110
What is the greatest common factor of 94091 and 16798?
37
Calculate the greatest common factor of 838716 and 6549.
111
What is the greatest common divisor of 11146149 and 252?
63
What is the highest common factor of 99 and 10194470?
11
Calculate the greatest common factor of 156297 and 607494.
2949
Calculate the greatest common divisor of 3473525 and 13651.
187
Calculate the highest common divisor of 14552 and 5297356.
428
Calculate the highest common divisor of 13343720 and 26800.
2680
Calculate the greatest common divisor of 628007801 and 46.
23
Calculate the highest common divisor of 83244 and 47712.
84
What is the greatest common factor of 11 and 921509116?
11
Calculate the highest common factor of 224146116 and 12312.
6156
What is the highest common divisor of 9 and 1389498?
3
Calculate the greatest common factor of 669956 and 28.
28
What is the greatest common factor of 1266 and 9543741?
633
What is the greatest common divisor of 8340499 and 26009?
839
Calculate the highest common divisor of 812256204 and 1356.
1356
What is the greatest common factor of 1068970 and 27020?
70
Calculate the greatest common divisor of 532 and 107850498.
266
What is the highest common factor of 1113 and 144363?
3
What is the highest common divisor of 447096 and 3068?
52
What is the highest common divisor of 53353090 and 105?
35
What is the greatest common divisor of 10002520 and 43318?
3938
What is the highest common divisor of 9214734 and 760?
38
What is the greatest common factor of 21429 and 67332299?
2381
Calculate the highest common factor of 196 and 85074.
2
What is the greatest common factor of 181755480 and 186?
186
What is the highest common factor of 32 and 96350240?
32
Calculate the greatest common factor of 779337 and 4641.
39
What is the greatest common factor of 11260564 and 28?
28
Calculate the highest common factor of 434456169 and 42.
21
What is the greatest common factor of 2590938 and 315?
63
What is the greatest common factor of 1280 and 56545920?
640
Calculate the highest common factor of 1069018 and 1865.
373
What is the greatest common factor of 177362204 and 1916?
1916
Calculate the greatest common divisor of 1089760 and 11150.
10
What is the greatest common divisor of 616029 and 9353?
47
What is the greatest common divisor of 210 and 6938337?
21
What is the highest common divisor of 392 and 531404216?
392
What is the highest common factor of 4171184 and 15200?
304
Calculate the highest common divisor of 252795 and 155705.
95
What is the highest common factor of 648 and 3073338?
18
What is the greatest common factor of 3154703 and 437?
437
Calculate the greatest common divisor of 8216 and 1877040.
632
What is the highest common divisor of 7052 and 37387941?
1763
Calculate the greatest common factor of 384578367 and 10092.
2523
Calculate the highest common divisor of 1398660 and 1680.
60
Calculate the greatest common factor of 2586 and 159176058.
2586
What is the greatest common divisor of 1485743 and 10507?
133
What is the highest common factor of 641122656 and 21441?
3063
Calculate the greatest common factor of 81289005 and 105.
105
Calculate the highest common divisor of 25606 and 22910054.
3658
Calculate the highest common divisor of 113507 and 9014390.
509
Calculate the greatest common divisor of 15 and 10434045.
15
Calculate the highest common factor of 2458009 and 7009.
43
Calculate the greatest common factor of 1280 and 154855680.
1280
What is the highest common factor of 2660112 and 1072?
16
Calculate the greatest common factor of 3533 and 568.
1
Calculate the greatest common divisor of 30 and 3065840.
10
Calculate the greatest common divisor of 1314780052 and 148.
148
What is the greatest common divisor of 171542539 and 9205?
1841
What is the greatest common factor of 1057 and 142079?
7
Calculate the greatest common factor of 9 and 33986097.
9
What is the highest common factor of 118712003 and 87074?
3349
What is the greatest common factor of 39582 and 7776?
54
What is the greatest common divisor of 411 and 1690936200?
411
What is the greatest common divisor of 3435 and 36707555?
1145
What is the greatest common divisor of 5111 and 1663765?
269
What is the greatest common divisor of 4 and 1507603?
1
What is the highest common factor of 44625 and 54525?
75
What is the greatest common factor of 35011842 and 10212?
5106
Calculate the highest common factor of 6176 and 13725388.
772
Calculate the highest common factor of 4176800 and 7200.
800
What is the highest common divisor of 2017111 and 33659?
347
What is the highest common factor of 2088 and 246964?
116
What is the greatest common factor of 1341 and 19826685?
1341
Calculate the greatest common divisor of 347267 and 80304.
239
What is the highest common factor of 6443124 and 26892?
996
Calculate the greatest common factor of 277645117 and 662.
331
What is the highest common divisor of 44805144 and 28296?
3144
What is the highest common factor of 9300888 and 4040?
808
Calculate the highest common divisor of 4100 and 1237162700.
4100
Calculate the highest common divisor of 19413 and 56349.
27
Calculate the greatest common factor of 304 and 27090352.
304
What is the highest common divisor of 823363 and 737?
67
Calculate the highest common factor of 39859473 and 171.
57
C